 number?
False
Is 496129 composite?
True
Is 6036857 a composite number?
False
Is 238750283 a composite number?
False
Is 9837059 a prime number?
True
Is 4492997 composite?
False
Is 1844063 composite?
True
Is 1274449 prime?
False
Is 168743299 composite?
True
Is 14059757 a prime number?
True
Is 4691683 a composite number?
True
Is 1325893 a composite number?
True
Is 6818522 prime?
False
Is 85038929 a prime number?
True
Is 24796819 composite?
True
Is 145351741 composite?
True
Is 3735397 a composite number?
True
Is 383261 composite?
False
Is 2722963 a composite number?
False
Is 1374913 a prime number?
False
Is 69697129 a composite number?
True
Is 13870457 composite?
False
Is 222693043 composite?
False
Is 178601977 a prime number?
True
Is 980219 a composite number?
False
Is 7438021 composite?
True
Is 5738801 a composite number?
False
Is 5858497 a composite number?
False
Is 4282271 a prime number?
False
Is 92023 composite?
True
Is 107238523 composite?
True
Is 1802497 a composite number?
True
Is 86163857 prime?
False
Is 31453691 composite?
True
Is 1884749 prime?
True
Is 146519047 a prime number?
True
Is 124709969 composite?
False
Is 18551083 prime?
True
Is 9931171 prime?
True
Is 463949 composite?
False
Is 5249467 a composite number?
True
Is 212286059 prime?
True
Is 843677 a prime number?
True
Is 8281517 prime?
True
Is 971639 a composite number?
False
Is 1368113 composite?
True
Is 284059 a prime number?
True
Is 716351 a prime number?
True
Is 115054007 composite?
True
Is 11498023 a composite number?
True
Is 140813 a prime number?
True
Is 580611541 composite?
True
Is 92360623 a prime number?
False
Is 3075431 prime?
False
Is 11795341 prime?
False
Is 8872207 prime?
False
Is 134940391 prime?
False
Is 66158479 prime?
False
Is 2009299 a composite number?
False
Is 685609 a composite number?
False
Is 83006761 a composite number?
True
Is 14745331 composite?
True
Is 123954731 a prime number?
True
Is 13177169 a composite number?
False
Is 133289111 a composite number?
False
Is 49466071 composite?
True
Is 25408033 composite?
True
Is 35863229 composite?
False
Is 12955655 composite?
True
Is 280729 prime?
True
Is 17589571 prime?
False
Is 55670753 a composite number?
True
Is 83871121 composite?
False
Is 13645519 prime?
True
Is 160464097 prime?
True
Is 3597883 composite?
False
Is 117923929 prime?
True
Is 19669591 a composite number?
True
Is 13263977 a composite number?
False
Is 1655461 a composite number?
False
Is 10133269 composite?
False
Is 323822743 a composite number?
True
Is 8259973 composite?
False
Is 265933 a composite number?
True
Is 6598271 composite?
False
Is 136457 a composite number?
True
Is 38639933 a prime number?
True
Is 5991077 a composite number?
True
Is 320368649 composite?
False
Is 929879177 composite?
False
Is 83645317 prime?
False
Is 1697915 a prime number?
False
Is 18454427 a composite number?
False
Is 22225561 prime?
True
Is 30317317 a composite number?
False
Is 1633343 composite?
True
Is 16803283 composite?
True
Is 34891693 prime?
False
Is 22282369 prime?
True
Is 68240827 composite?
True
Is 653617 prime?
True
Is 521153 a prime number?
True
Is 358051 a composite number?
False
Is 366246767 prime?
False
Is 9694381 prime?
False
Is 56545057 a prime number?
True
Is 3748001 composite?
True
Is 13663253 composite?
False
Is 9497233 prime?
True
Is 42459619 prime?
False
Is 47394427 a composite number?
False
Is 92127787 composite?
True
Is 6053599 a prime number?
True
Is 155587 prime?
False
Is 2004729 a prime number?
False
Is 1779923 composite?
True
Is 554146 prime?
False
Is 921941 prime?
False
Is 121444907 a prime number?
True
Is 16879799 composite?
False
Is 135029 prime?
True
Is 2508661 composite?
True
Is 7662895 prime?
False
Is 282719011 prime?
True
Is 3599863 a prime number?
False
Is 1594125843 composite?
True
Is 347786905 prime?
False
Is 2394635 a composite number?
True
Is 228775699 composite?
True
Is 344874899 prime?
True
Is 705191 a composite number?
False
Is 9794341 a prime number?
False
Is 10809011 a composite number?
True
Is 288703283 prime?
False
Is 1692721 prime?
True
Is 3027361 prime?
True
Is 35605957 prime?
True
Is 2605661 prime?
True
Is 42536335 a prime number?
False
Is 24734015 a prime number?
False
Is 51974731 a composite number?
False
Is 49210939 prime?
True
Is 4405893 prime?
False
Is 7262887 a prime number?
False
Is 115293 prime?
False
Is 282755899 prime?
False
Is 1807927 composite?
True
Is 6710323 composite?
True
Is 345798643 a prime number?
False
Is 14330447 composite?
False
Is 5804891 prime?
False
Is 19873797 a composite number?
True
Is 2985823 a composite number?
True
Is 426729347 composite?
True
Is 15142367 composite?
False
Is 15391081 composite?
False
Is 4105931 prime?
True
Is 7367209 a prime number?
False
Is 5327457 composite?
True
Is 11884891 a prime number?
False
Is 47848811 a prime number?
False
Is 115682141 prime?
False
Is 254557 composite?
False
Is 22848491 a composite number?
True
Is 1078229 prime?
False
Is 7377361 a composite number?
False
Is 66062071 a composite number?
False
Is 17497 a composite number?
False
Is 11732213 a prime number?
True
Is 1461923 a prime number?
True
Is 5212117 a composite number?
True
Is 201365831 a composite number?
False
Is 890748407 a composite number?
False
Is 4435539 prime?
False
Is 11350331 a prime number?
False
Is 7295759 a composite number?
False
Is 243050161 composite?
False
Is 89005351 composite?
False
Is 88922773 a prime number?
True
Is 82651 a prime number?
True
Is 683957 a composite number?
False
Is 13821083 a prime number?
False
Is 160203523 a prime number?
False
Is 3322117 prime?
True
Is 6746581 prime?
True
Is 4407001 a prime number?
False
Is 1406232005 a prime number?
False
Is 284459 composite?
True
Is 53542897 a composite number?
True
Is 8832023 composite?
True
Is 27472307 prime?
True
Is 21538703 prime?
True
Is 3130279 composite?
False
Is 966577197 composite?
True
Is 292218601 a prime number?
True
Is 4551619 a composite number?
False
Is 9482069 composite?
False
Is 12102371 composite?
False
Is 201389 composite?
False
Is 699569 a composite number?
True
Is 42409343 a prime number?
False
Is 51156361 prime?
True
Is 1559713 composite?
False
Is 29727083 composite?
True
Is 56584601 a prime number?
False
Is 579781885 composite?
True
Is 29227651 a prime number?
True
Is 2659277 prime?
True
Is 3226019 composite?
True
Is 63928867 prime?
True
Is 2091139 a prime number?
True
Is 1941533 a prime number?
False
Is 728261 composite?
False
Is 6035417 a prime number?
True
Is 26068571 a prime number?
True
Is 2016815 prime?
False
Is 39806981 prime?
False
Is 149860327 prime?
False
Is 12886501 a prime number?
False
Is 41919061 prime?
True
Is 1904989 prime?
False
Is 126717089 composite?
True
Is 136542143 a composite number?
True
Is 73171 prime?
False
Is 137887 a prime number?
False
Is 41353549 composite?
False
Is 508087 prime?
True
Is 1860251 a prime number?
True
Is 210930113 composite?
False
Is 2369989 composite?
True
Is 40911073 prime?
False
Is 158154989 composite?
True
Is 1718099 composite?
True
Is 29258729 a prime number?
False
Is 3912859 a prime number?
True
Is 28359283 a prime number?
False
Is 3998107 prime?
True
Is 272275039 prime?
True
Is 92550437 a composite number?
True
Is 196144153 a prime number?
False
Is 39299459 a composite number?
True
Is 27313283 composite?
True
Is 1389317 prime?
False
Is 22627477 a prime number?
False
Is 137609047 composite?
False
Is 1590403 prime?
True
Is 13782397 a composite number?
False
Is 4774717 prime?
False
Is 4385021 composite?
False
Is 347942471 prime?
True
Is 1409759639 composite?
False
Is 204645479 a composite number?
True
Is 7446973 composite?
True
Is 10026881 prime?
True
Is 5204111 prime?
False
Is 329053 a prime number?
True
Is 1177387 prime?
True
Is 3023971 a prime number?
False
Is 6789359 a prime number?
True
Is 1116187 a composite number?
False
Is 13718539 a prime number?
False
Is 6697837 composite?
False
Is 11423023 a prime number?
True
Is 227519249 prime?
True
Is 35533549 a composite number?
True
Is 331257 prime?
False
Is 12460681 composite?
False
Is 204438041 a composite number?
False
Is 112775723 prime?
True
Is 722647 a composite number?
True
Is 835369 a prime number?
True
Is 60887 a prime number?
True
Is 31307339 composite?
True
Is 8200619 a prime number?